{"id":989861,"date":"2025-03-31T15:16:52","date_gmt":"2025-03-31T14:16:52","guid":{"rendered":"https:\/\/samugabor.hu\/?page_id=989861"},"modified":"2025-03-31T19:25:44","modified_gmt":"2025-03-31T18:25:44","slug":"adatkezelesi-tajekoztato","status":"publish","type":"page","link":"https:\/\/samugabor.hu\/?page_id=989861","title":{"rendered":"Adatkezel\u00e9si t\u00e1j\u00e9koztat\u00f3"},"content":{"rendered":"\n<style>\n    a.cky-banner-element {\n        padding: 8px 30px;\n        background: #F8F9FA;\n        color: #858A8F;\n        border: 1px solid #DEE2E6;\n        box-sizing: border-box;\n        border-radius: 2px;\n        cursor: pointer;\n}\n<\/style>\n<p>\n    \u00c9rv\u00e9nyess\u00e9g d\u00e1tuma: 2025. m\u00e1rcius 31. <br>\n    Utols\u00f3 friss\u00edt\u00e9s: 2025. m\u00e1rcius 31.\n<\/p>\n\n&nbsp;\n<h2>Mik azok a s\u00fctik?<\/h5>\n<div class=\"cookie-policy-p\"><p>Ez a S\u00fcti Szab\u00e1lyzat elmagyar\u00e1zza, hogy mik azok a s\u00fctik \u00e9s hogyan haszn\u00e1ljuk \u0151ket, milyen t\u00edpus\u00fa s\u00fctiket haszn\u00e1lunk, azaz a s\u00fctik seg\u00edts\u00e9g\u00e9vel gy\u0171jt\u00f6tt inform\u00e1ci\u00f3kat \u00e9s azok felhaszn\u00e1l\u00e1s\u00e1nak m\u00f3dj\u00e1t, valamint a s\u00fcti be\u00e1ll\u00edt\u00e1sok kezel\u00e9s\u00e9t.<\/p> <p>A s\u00fctik kism\u00e9ret\u0171 sz\u00f6vegf\u00e1jlok, amelyeket kis inform\u00e1ci\u00f3darabok t\u00e1rol\u00e1s\u00e1ra haszn\u00e1lnak. Az \u00d6n eszk\u00f6z\u00e9n t\u00e1rol\u00f3dnak, amikor a weboldal bet\u00f6lt\u0151dik a b\u00f6ng\u00e9sz\u0151j\u00e9ben. Ezek a s\u00fctik seg\u00edtenek abban, hogy a weboldal megfelel\u0151en m\u0171k\u00f6dj\u00f6n, biztons\u00e1gosabb\u00e1 v\u00e1ljon, jobb felhaszn\u00e1l\u00f3i \u00e9lm\u00e9nyt ny\u00fajtson, valamint meg\u00e9rts\u00fck a weboldal teljes\u00edtm\u00e9ny\u00e9t \u00e9s elemezz\u00fck, mi m\u0171k\u00f6dik j\u00f3l \u00e9s hol van sz\u00fcks\u00e9g fejleszt\u00e9sre.<\/p><\/div>\n\n&nbsp;\n<h2>Hogyan haszn\u00e1ljuk a s\u00fctiket?<\/h5>\n<div class=\"cookie-policy-p\"><p>A legt\u00f6bb online szolg\u00e1ltat\u00e1shoz hasonl\u00f3an weboldalunk is els\u0151 \u00e9s harmadik f\u00e9lt\u0151l sz\u00e1rmaz\u00f3 s\u00fctiket haszn\u00e1l k\u00fcl\u00f6nb\u00f6z\u0151 c\u00e9lokra. Az els\u0151 f\u00e9lt\u0151l sz\u00e1rmaz\u00f3 s\u00fctik t\u00f6bbnyire a weboldal megfelel\u0151 m\u0171k\u00f6d\u00e9s\u00e9hez sz\u00fcks\u00e9gesek, \u00e9s nem gy\u0171jtenek semmilyen szem\u00e9lyazonos\u00edt\u00e1sra alkalmas adatot.<\/p> <p>A weboldalunkon haszn\u00e1lt harmadik f\u00e9lt\u0151l sz\u00e1rmaz\u00f3 s\u00fctik f\u0151k\u00e9nt arra szolg\u00e1lnak, hogy meg\u00e9rts\u00fck a weboldal teljes\u00edtm\u00e9ny\u00e9t, az \u00d6n weboldalunkkal val\u00f3 interakci\u00f3j\u00e1t, szolg\u00e1ltat\u00e1saink biztons\u00e1g\u00e1nak meg\u0151rz\u00e9s\u00e9t, az \u00d6n sz\u00e1m\u00e1ra relev\u00e1ns hirdet\u00e9sek megjelen\u00edt\u00e9s\u00e9t, \u00e9s \u00f6sszess\u00e9g\u00e9ben jobb \u00e9s jav\u00edtott felhaszn\u00e1l\u00f3i \u00e9lm\u00e9nyt ny\u00fajtsanak, valamint felgyors\u00edts\u00e1k az \u00d6n j\u00f6v\u0151beli interakci\u00f3it weboldalunkkal.<\/p><\/div>\n\n&nbsp;\n\n    <div class=\"cky-audit-table-element\"><\/div>\n\n&nbsp;\n    <h2 style=\"margin-bottom:20px;\">S\u00fcti be\u00e1ll\u00edt\u00e1sok kezel\u00e9se<\/h5>\n\n    <a class=\"cky-banner-element\">S\u00fcti Be\u00e1ll\u00edt\u00e1sok<\/a> <br\/>\n\n    <div><p>S\u00fcti be\u00e1ll\u00edt\u00e1sait b\u00e1rmikor megv\u00e1ltoztathatja a fenti gombra kattintva. Ezzel \u00fajra megnyithatja a s\u00fcti hozz\u00e1j\u00e1rul\u00e1si s\u00e1vot, \u00e9s azonnal megv\u00e1ltoztathatja be\u00e1ll\u00edt\u00e1sait vagy visszavonhatja hozz\u00e1j\u00e1rul\u00e1s\u00e1t. <\/p> <p>Ezen k\u00edv\u00fcl a k\u00fcl\u00f6nb\u00f6z\u0151 b\u00f6ng\u00e9sz\u0151k k\u00fcl\u00f6nb\u00f6z\u0151 m\u00f3dszereket k\u00edn\u00e1lnak a weboldalak \u00e1ltal haszn\u00e1lt s\u00fctik letilt\u00e1s\u00e1ra \u00e9s t\u00f6rl\u00e9s\u00e9re. B\u00f6ng\u00e9sz\u0151je be\u00e1ll\u00edt\u00e1sait m\u00f3dos\u00edthatja a s\u00fctik letilt\u00e1s\u00e1hoz\/t\u00f6rl\u00e9s\u00e9hez. Az al\u00e1bbiakban megtal\u00e1lhat\u00f3k a legn\u00e9pszer\u0171bb webb\u00f6ng\u00e9sz\u0151k s\u00fcti kezel\u00e9s\u00e9re \u00e9s t\u00f6rl\u00e9s\u00e9re vonatkoz\u00f3 s\u00fag\u00f3dokumentumainak linkjei.<\/p> <p>Chrome: <a target=\"_blank\" href=\"https:\/\/support.google.com\/accounts\/answer\/32050\">https:\/\/support.google.com\/accounts\/answer\/32050<\/a><\/p><p>Safari: <a target=\"_blank\" href=\"https:\/\/support.apple.com\/en-in\/guide\/safari\/sfri11471\/mac\">https:\/\/support.apple.com\/en-in\/guide\/safari\/sfri11471\/mac<\/a><\/p><p>Firefox: <a target=\"_blank\" href=\"https:\/\/support.mozilla.org\/en-US\/kb\/clear-cookies-and-site-data-firefox?redirectslug=delete-cookies-remove-info-websites-stored&#038;redirectlocale=en-US\">https:\/\/support.mozilla.org\/en-US\/kb\/clear-cookies-and-site-data-firefox?redirectslug=delete-cookies-remove-info-websites-stored&#038;redirectlocale=en-US<\/a><\/p><p>Internet Explorer: <a target=\"_blank\" href=\"https:\/\/support.microsoft.com\/en-us\/topic\/how-to-delete-cookie-files-in-internet-explorer-bca9446f-d873-78de-77ba-d42645fa52fc\">https:\/\/support.microsoft.com\/en-us\/topic\/how-to-delete-cookie-files-in-internet-explorer-bca9446f-d873-78de-77ba-d42645fa52fc<\/a><\/p><p>Ha b\u00e1rmilyen m\u00e1s webb\u00f6ng\u00e9sz\u0151t haszn\u00e1l, k\u00e9rj\u00fck, l\u00e1togassa meg b\u00f6ng\u00e9sz\u0151je hivatalos s\u00fag\u00f3dokumentumait.<\/p><\/div>\n\n\n&nbsp;\n<p class=\"cookie-policy-p\">\n    S\u00fcti Szab\u00e1lyzat gener\u00e1lva a <a target=\"_blank\" href=\"https:\/\/www.cookieyes.com\/?utm_source=CP&#038;utm_medium=footer&#038;utm_campaign=UW\">CookieYes &#8211; S\u00fcti Szab\u00e1lyzat Gener\u00e1tor<\/a> seg\u00edts\u00e9g\u00e9vel.\n<\/p>\n","protected":false},"excerpt":{"rendered":"<p>\u00c9rv\u00e9nyess\u00e9g d\u00e1tuma: 2025. m\u00e1rcius 31. Utols\u00f3 friss\u00edt\u00e9s: 2025. m\u00e1rcius 31. &nbsp; Mik azok a s\u00fctik? Ez a S\u00fcti Szab\u00e1lyzat elmagyar\u00e1zza, hogy mik azok a s\u00fctik \u00e9s hogyan haszn\u00e1ljuk \u0151ket, milyen t\u00edpus\u00fa s\u00fctiket haszn\u00e1lunk, azaz a s\u00fctik seg\u00edts\u00e9g\u00e9vel gy\u0171jt\u00f6tt inform\u00e1ci\u00f3kat \u00e9s azok felhaszn\u00e1l\u00e1s\u00e1nak m\u00f3dj\u00e1t, valamint a s\u00fcti be\u00e1ll\u00edt\u00e1sok kezel\u00e9s\u00e9t. A s\u00fctik kism\u00e9ret\u0171 sz\u00f6vegf\u00e1jlok, amelyeket kis inform\u00e1ci\u00f3darabok&hellip;&nbsp;<\/p>\n","protected":false},"author":1,"featured_media":0,"parent":0,"menu_order":0,"comment_status":"closed","ping_status":"closed","template":"","meta":{"neve_meta_sidebar":"","neve_meta_container":"","neve_meta_enable_content_width":"","neve_meta_content_width":0,"neve_meta_title_alignment":"","neve_meta_author_avatar":"","neve_post_elements_order":"","neve_meta_disable_header":"","neve_meta_disable_footer":"","neve_meta_disable_title":"","_themeisle_gutenberg_block_has_review":false,"footnotes":""},"class_list":["post-989861","page","type-page","status-publish","hentry"],"_links":{"self":[{"href":"https:\/\/samugabor.hu\/index.php?rest_route=\/wp\/v2\/pages\/989861","targetHints":{"allow":["GET"]}}],"collection":[{"href":"https:\/\/samugabor.hu\/index.php?rest_route=\/wp\/v2\/pages"}],"about":[{"href":"https:\/\/samugabor.hu\/index.php?rest_route=\/wp\/v2\/types\/page"}],"author":[{"embeddable":true,"href":"https:\/\/samugabor.hu\/index.php?rest_route=\/wp\/v2\/users\/1"}],"replies":[{"embeddable":true,"href":"https:\/\/samugabor.hu\/index.php?rest_route=%2Fwp%2Fv2%2Fcomments&post=989861"}],"version-history":[{"count":0,"href":"https:\/\/samugabor.hu\/index.php?rest_route=\/wp\/v2\/pages\/989861\/revisions"}],"wp:attachment":[{"href":"https:\/\/samugabor.hu\/index.php?rest_route=%2Fwp%2Fv2%2Fmedia&parent=989861"}],"curies":[{"name":"wp","href":"https:\/\/api.w.org\/{rel}","templated":true}]}}